se
Does 189 divide 15015252?
False
Is 16614101 a multiple of 122?
False
Is 3283986480 a multiple of 40?
True
Is 204635340 a multiple of 18?
True
Is 451 a factor of 68036211?
False
Is 115813089 a multiple of 43?
False
Does 2977 divide 55742263?
False
Is 1160914776 a multiple of 12?
True
Is 86578170 a multiple of 21?
True
Is 5 a factor of 235894850?
True
Is 48 a factor of 39388272?
True
Is 15 a factor of 159789180?
True
Does 967 divide 19109854?
True
Does 5920 divide 2447069103?
False
Is 2698046838 a multiple of 1417?
False
Does 532 divide 1592074904?
True
Does 1033 divide 1674432053?
True
Is 2594 a factor of 1084020595?
False
Does 115 divide 1643131942?
False
Is 9933142 a multiple of 7?
False
Does 1773 divide 34078619?
False
Is 21267480 a multiple of 39?
True
Is 15146795 a multiple of 85?
False
Does 20 divide 117716040?
True
Is 12672503 a multiple of 241?
True
Does 12 divide 8489638?
False
Is 927 a factor of 105389703?
True
Does 329 divide 2047294981?
False
Does 2703 divide 42031650?
True
Is 1815648 a multiple of 6?
True
Is 84054492 a multiple of 12?
True
Does 226 divide 5445603792?
True
Does 40 divide 1583202000?
True
Does 18 divide 8567819?
False
Does 718 divide 3791040?
True
Is 123928267 a multiple of 151?
True
Is 5899770 a multiple of 39?
False
Does 424 divide 183411867?
False
Does 172 divide 1182099?
False
Does 4031 divide 40519612?
True
Is 64 a factor of 43594816?
True
Is 2185 a factor of 18332897?
False
Does 100 divide 1349712521?
False
Does 3 divide 10573585?
False
Does 540 divide 35801594?
False
Does 585 divide 243048672?
False
Is 22 a factor of 18358692?
True
Is 6170 a factor of 58508581?
False
Does 20 divide 7553199?
False
Does 74 divide 31947206?
True
Does 2358 divide 264951166?
False
Does 39 divide 19697536?
False
Is 13 a factor of 1717931583?
False
Is 357 a factor of 1402362402?
True
Does 39 divide 119927008?
False
Is 1817623157 a multiple of 27?
False
Does 7 divide 107983664?
False
Is 1212631812 a multiple of 14?
True
Is 12 a factor of 155081844?
True
Is 11 a factor of 326452573?
False
Is 12 a factor of 777583560?
True
Is 20269616 a multiple of 634?
False
Is 40101147 a multiple of 846?
False
Is 96 a factor of 646829472?
True
Is 8 a factor of 608936554?
False
Is 91 a factor of 4146694?
False
Is 117289260 a multiple of 3202?
True
Is 337771685 a multiple of 295?
False
Does 104 divide 269047396?
False
Is 6 a factor of 14629205?
False
Is 38718801 a multiple of 54?
False
Is 71 a factor of 1768109?
False
Is 8 a factor of 398524936?
True
Is 21 a factor of 24309684?
True
Is 346957833 a multiple of 618?
False
Is 106110205 a multiple of 355?
False
Is 4693 a factor of 1105851100?
False
Is 9271 a factor of 13505727?
False
Is 1009 a factor of 237884867?
True
Does 24 divide 34276344?
True
Is 366 a factor of 61819725?
False
Is 21375633 a multiple of 77?
False
Does 21 divide 1618029?
True
Does 14 divide 39563258?
True
Does 377 divide 23509823?
False
Does 180 divide 34854038?
False
Does 1504 divide 396742732?
False
Does 162 divide 67613292?
True
Is 15 a factor of 32571342?
False
Does 29 divide 3907078323?
False
Is 631 a factor of 363179862?
False
Is 66054898 a multiple of 938?
True
Does 63 divide 207166554?
True
Is 22 a factor of 129940580?
True
Is 18 a factor of 1626555662?
False
Is 985010 a multiple of 1944?
False
Is 172 a factor of 582496404?
True
Is 436 a factor of 83723725?
False
Is 1971015 a multiple of 15?
True
Is 1640 a factor of 2355623840?
True
Does 4698 divide 1004455890?
True
Does 96 divide 14714496?
True
Is 44 a factor of 181608768?
True
Is 5 a factor of 89680565?
True
Is 41881833 a multiple of 2289?
True
Does 7 divide 4973591?
True
Is 7447 a factor of 712768354?
False
Is 940 a factor of 21195598?
False
Is 179 a factor of 202324511?
False
Is 68941361 a multiple of 717?
False
Does 448 divide 45006976?
True
Is 34 a factor of 172711562?
False
Is 191 a factor of 76098029?
True
Does 11 divide 123052589?
True
Is 106 a factor of 269227379?
False
Does 426 divide 47357994?
True
Is 1865454348 a multiple of 3560?
False
Is 629 a factor of 265273202?
True
Is 68207776 a multiple of 3304?
True
Does 872 divide 302325888?
True
Is 56 a factor of 1072925896?
True
Is 33562435 a multiple of 1706?
False
Does 131 divide 2706460?
True
Is 118912212 a multiple of 20?
False
Is 577047704 a multiple of 884?
False
Is 164 a factor of 75933640?
True
Is 37656878 even?
True
Does 2 divide 114026860?
True
Is 37813044 a multiple of 158?
False
Is 10916041 a multiple of 27?
False
Is 1178 a factor of 12761013?
False
Is 28846445 a multiple of 18?
False
Is 4405 a factor of 257000915?
True
Does 12 divide 356340245?
False
Is 50 a factor of 7875005?
False
Is 331 a factor of 215617581?
False
Does 707 divide 1175419?
False
Does 7 divide 1225946422?
False
Is 3012408 a multiple of 34?
False
Is 288265048 a multiple of 25?
False
Does 6248 divide 86453576?
True
Is 16459482 a multiple of 534?
True
Is 881497056 a multiple of 58?
False
Does 1301 divide 328976064?
True
Is 89 a factor of 80773374?
True
Is 70761314 a multiple of 169?
True
Is 365 a factor of 1499889460?
False
Is 2123063555 a multiple of 47?
True
Is 1996 a factor of 300266264?
True
Is 42982667 a multiple of 1427?
True
Is 560101312 a multiple of 23?
False
Is 8734157 a multiple of 282?
False
Is 650 a factor of 5635277?
False
Is 382 a factor of 108681788?
False
Is 715493295 a multiple of 55?
True
Is 942296237 a multiple of 1587?
False
Does 2947 divide 488179391?
True
Is 14936240 a multiple of 220?
True
Is 4 a factor of 8688388?
True
Is 364300320 a multiple of 870?
True
Does 23 divide 1631727363?
False
Is 41879585 a multiple of 150?
False
Is 175 a factor of 16242576?
False
Is 161669172 a multiple of 1788?
True
Does 66 divide 2574000?
True
Is 2859691087 a multiple of 46?
False
Does 581 divide 605263494?
False
Is 21 a factor of 687267?
True
Does 273 divide 584766819?
True
Does 643 divide 947183265?
False
Is 4880341812 a multiple of 12?
True
Does 1524 divide 447653577?
False
Does 3 divide 2074403?
False
Does 9 divide 596007000?
True
Is 32 a factor of 2668064?
True
Is 2007971093 a multiple of 37?
True
Is 22 a factor of 30220894?
True
Is 7 a factor of 2422273?
True
Does 764 divide 131616538?
False
Is 45 a factor of 15859324?
False
Is 56947125 a multiple of 181?
True
Is 55 a factor of 14126058?
False
Does 2811 divide 741901608?
True
Is 1200 a factor of 32697600?
True
Is 155 a factor of 6865767?
False
Is 122467680 a multiple of 32?
True
Does 245 divide 7632754?
False
Does 224 divide 42183322?
False
Does 25 divide 17698786?
False
Does 31 divide 91570976?
False
Is 27187873 a multiple of 120?
False
Is 167 a factor of 477757608?
True
Is 7737 a factor of 2282409332?
False
Is 736 a factor of 33539520?
True
Is 27 a factor of 26370818?
False
Does 2392 divide 1327555216?
True
Is 13549504 a multiple of 1560?
False
Does 1414 divide 23677430?
True
Does 917 divide 1084467?
False
Does 1055 divide 1926873100?
True
Is 7627770 a multiple of 438?
True
Does 5 divide 428497547?
False
Does 6002 divide 88791381?
False
Is 1061686197 a multiple of 3457?
False
Is 976134000 a multiple of 4625?
True
Does 21 divide 1863408?
False
Does 38 divide 405187084?
True
Is 212 a factor of 340169851?
False
Is 77 a factor of 24653783?
True
Is 501660877 a multiple of 8616?
False
Does 84 divide 67866819?
False
Is 17864057 a multiple of 23?
False
Is 36 a factor of 469685556?
True
Does 450 divide 182061254?
False
Does 44 divide 785727888?
True
Is 363466328 even?
True
Is 203 a factor of 565944106?
True
Is 2334 a factor of 84520289?
False
Does 187 divide 60727766?
False
Is 1157 a factor of 757314350?
True
Is 184550400 a multiple of 5120?
True
Is 37293550 a multiple of 635?
True
Is 138 a factor of 13792824?
True
Does 67 divide 5723049?
False
Is 695452710 a multiple of 18?
False
Does 13 divide 80758522?
True
Is 15 a factor of 480609011?
False
Does 5 divide 1486577?
False
Does 202 divide 1986872?
True
Is 549157091 a multiple of 8?
False
Does 685 divide 952549607?
False
Is 50922 a multiple of 23?
True
Does 1578 divide 242909430?
True
Is 1635 a factor of 477778910?
False
Does 58 divide 51145792?
True
Is 4378 a factor of 61894649?
False
Is 53 a factor of 201598511?
False
Does 335 divide 28767851?
False
Is 8 a factor of 43690997?
False
Is 827328516 a multiple of 7?
True
Is 693 a facto